 - 1 + 8 + 3 - 5*i. What is p(0)?
10
Suppose g = -p - 52 - 25, -3*g + 361 = -5*p. Let z = p - -77. Let t(c) = 2*c**3 + 5*c - 6*c - 3*c**z - 7*c**2 - 7 + 9*c. Give t(-8).
-7
Let x(g) = -g**2 + 17*g - 10. Let f = -737 + 724. Let z(u) = -2*u**2 + 36*u - 22. Let p(w) = f*x(w) + 6*z(w). Determine p(6).
4
Suppose 0 = 36*l + 709 - 709. Let g(h) = -h - 5. Let b be g(-6). Let f(x) = -4*x + 5*x - b - 2*x. Calculate f(l).
-1
Let u(y) be the second derivative of 16*y**3/3 - 239*y**2/2 + 81*y + 7. Determine u(7).
-15
Suppose 3*n - 10*x = -14*x + 32, 3*n + 5*x = 37. Let c(u) = 3*u**2 - 6*u + 12. What is c(n)?
36
Let a(u) = u**3 - 25*u**2 - 27*u + 3. Let d(g) = 8*g**2 + 164*g + 106. Let z be d(-20). Calculate a(z).
-23
Let c(u) be the second derivative of -u**6/120 - 7*u**5/60 + u**4/3 - 29*u**2/2 - 8*u + 3. Let s(n) be the first derivative of c(n). Determine s(-8).
0
Let g(d) = 8*d + 29 - 52 - 10*d + 26. Suppose 0 = -2*m + 1 + 3. Let c be (24/(-16))/(m/(-4)). Calculate g(c).
-3
Let v(f) = -f**2 - 15*f + 17. Suppose 24*n + 35 = 29*n. Suppose 0 = 5*t - 4*z + 84, n*t = 4*t - z - 47. Give v(t).
1
Let y(p) = -2*p**2 - p - 1. Let u(s) = 11*s**2 - 17*s - 39. Let g(l) = -u(l) - 6*y(l). Give g(-21).
3
Let s(b) = 7*b**3 - 3*b**2 - 30*b - 13. Let y(t) = 20*t**3 - 8*t**2 - 88*t - 37. Let q(i) = 17*s(i) - 6*y(i). Give q(-6).
1
Let f(t) = -8*t**2 + t + 2. Let w(d) = -15*d**2 + d + 3. Let s(i) = 7*f(i) - 4*w(i). Let p be (6 + 16/(-3))*6. Suppose 0 = p*y + 8. What is s(y)?
12
Let u(g) = -8*g + 26. Let n(h) = -20*h + 52. Let j(q) = -3*n(q) + 7*u(q). Determine j(-7).
-2
Let x be ((-192)/15)/(-4) + (-9)/45. Let w(d) = x*d + 3*d + 9 - 2*d - 2*d - 6. Determine w(-1).
1
Let g(r) = 34*r - 1. Let q(m) = 69*m - 16. Let o(a) = -2*g(a) + q(a). Let h be -27*(-3 - 8/(-3)). Calculate o(h).
-5
Let a(f) = 2*f**3 + f**2 - 2*f + 1. Let i be a(2). Let c(p) = p + 4 + 0*p - 1 - 11*p**2 + p**3 + i*p**2. Give c(-4).
31
Let k(g) be the second derivative of -g**3/3 + g**2/2 + g. Let z be (54 - 54)*(-1 + 1 + 1). Let o be k(z). Let t(w) = 3*w**3 - w. Calculate t(o).
2
Let v(u) be the first derivative of -u**3/3 + 3*u**2/2 + 20*u + 955. Give v(0).
20
Let k(l) be the second derivative of 3*l**3 + 79*l**2 + 2444*l - 2. What is k(-9)?
-4
Let u(f) = 14*f**3 - 21*f**2 - 14*f + 1. Let k(i) = 61*i**3 - 88*i**2 - 58*i + 3. Let q(a) = -3*k(a) + 13*u(a). Let s = -17 - -10. Calculate q(s).
-38
Let m(g) be the first derivative of 2*g**2 - 2*g + 1517. Give m(-9).
-38
Let d(w) = 2*w + 4*w + 138003 + w - 138147. Determine d(21).
3
Let l be (-128)/(-8)*(1 - 2). Let h(f) = f**2 + 33632*f + 17 - 11 - 33615*f. Give h(l).
-10
Let d(p) = 47*p**2 - 46*p - 343. Let v(c) = 223*c**2 - 231*c - 1715. Let n(j) = 19*d(j) - 4*v(j). Determine n(-42).
7
Let f(c) = -c**3 - 7*c**2 - 7*c - 3. Let a(t) be the third derivative of -2*t**5/15 + 21*t**2. Let n be a(1). Let z be 50/n + (-2 - (-18)/8). What is f(z)?
3
Let a be (50/(-8) + 1)*-4. Let v be (36/(-21))/((-6)/a). Let s(l) be the first derivative of -l**4/4 + 5*l**3/3 + 5*l**2/2 + 8*l - 1. Give s(v).
2
Let j(r) = r**2 - 5*r - 7. Let k(o) = -o**3 + 4*o**2 + 3*o + 7. Let w be k(5). Suppose 953 = -41*y - 49*y + 143. Let n = w - y. Give j(n).
-1
Let m(w) = -w**3 - 7*w**2 + 7*w + 3. Let s be (-1602)/135 + (-8)/(-2) - (-10)/(-75). What is m(s)?
11
Let x be (6 + 0)*328/123. Let q(d) = 3*d - 42. Give q(x).
6
Let t(p) = 59*p + 1 + p**2 + 4 - 53*p. Let k be ((-11)/22)/(1/4*-1). Suppose -6 = k*y - y. What is t(y)?
5
Suppose -2*w + d - 2*d = 2, -2*d = -8. Suppose -3*m = u + 12, 3*u + 8 = 4*u - m. Let y(j) = -174*j + 2*j**2 + 174*j - u. Determine y(w).
15
Let p(i) be the first derivative of i**4/4 + i**3/6 + i**2 - 69*i + 93. Let o(x) be the first derivative of p(x). Determine o(3).
32
Suppose 5*a = -2*t + 13, -t - 4*a + 7 = -1. Let p be 4 + -1 + 0*(-1)/t. Let r(q) = 9*q**2 - q**p + 3*q + 5*q + q + 6. Calculate r(10).
-4
Let t(c) = 4*c**3 - 4*c - 5*c**3 + 6*c**2 + 0*c. Let j(p) = -40*p + 226. Let v be j(-5). Let u = -421 + v. Give t(u).
5
Suppose 5*k - 22 = -6*k. Suppose 3*g + 8 = k. Let x(s) be the second derivative of s**3/6 + 2*s. Calculate x(g).
-2
Let b(z) = -77 + 10*z**2 + 5*z**2 - 20*z + 15*z**2 - 31*z**2. Determine b(-15).
-2
Let s(k) = 5*k**3 - k + 5. Let x(h) = -7*h**3 + h - 6. Let f(p) = -3*s(p) - 2*x(p). Calculate f(-3).
21
Suppose -6*j - 2*i = -3*j - 3309, -2*i = -3*j + 3297. Suppose 4*d = 20, -4*z - 8*d + j = -3*d. Let b(l) = l**2 + l - z + 278 - 2*l**2. Calculate b(0).
9
Let z(j) be the first derivative of 2*j**3/3 - j**2/2 - 7*j + 1. Let i(h) = 81*h - 891. Let d be i(11). Give z(d).
-7
Suppose 6 = 5*c - 9. Let s(z) = -5*z + 5. Suppose -4*j + 4*w = -4, 2*j + 17 = -j - 2*w. Let q(r) = 11*r - 8. Let g(l) = j*q(l) - 5*s(l). Determine g(c).
-25
Let n = 767 - 778. Let f(i) = -i**2 - 9*i + 24. What is f(n)?
2
Let r(o) be the second derivative of o**5/5 + o**4/6 + o**3/3 - o**2/2 - 145*o - 1. Give r(-2).
-29
Let n be (-20)/(-15) + (-24)/(-9) + -1. Let k be (-7 + (0 - n))/2. Let y(h) = 4*h**2 - 17 + 30 - 14 - 3*h + h**3. What is y(k)?
-11
Let a(f) = 2*f - 19. Let n be (-9)/108*-27*(-1 + (-33)/(-9)). Determine a(n).
-7
Suppose -1820 = 5*x - 18*x. Let k = 136 - x. Let t(l) = -l**3 - 3*l**2 + 7*l + 5. What is t(k)?
-7
Let s(r) = -9*r**2 - r. Let v(b) = 2*b - 2. Let k(l) = 2*s(l) + v(l). What is k(2)?
-74
Suppose -v + 0*v + 3 = 0. Let p(a) = 4*a - 3*a - 8*a**2 - v - 1 + 8*a + a**3. Suppose 0 = -5*d + 2*u + 45, 2*u - 18 = -3*d - d. Calculate p(d).
10
Let o(p) = p**2 + 13*p + 38. Let l(x) = -10*x**2 + 648*x + 121. Let n be l(65). Give o(n).
2
Let o(s) be the second derivative of s**5/20 - 3*s**4/4 + 7*s**3/3 - 18*s**2 - 4767*s. Calculate o(8).
12
Let p(x) = -x + 4. Let g be (-1)/3*(1 + -4). Let v be (g - -14) + (-301)/43. What is p(v)?
-4
Let v(x) be the second derivative of -x**4/4 + 55*x**3/3 - 21*x**2 - 6431*x. Determine v(36).
30
Let d(z) = z**3 + 8*z**2 + 6*z - 12. Suppose 4*w - 58 = 3*q - 45, -5*q - w - 37 = 0. Give d(q).
-5
Let s(g) = g - 7. Suppose -7*m + 40 = -5*m - 2*d, 22 = 2*m + 4*d. Suppose 3*t = -4*w + m, 13 = -4*t + w + 23. What is s(t)?
-4
Let z(b) = -14*b**2 + 6*b**2 - 3*b + 42 + 7*b**2 - 12*b. Determine z(-20).
-58
Let n(a) = a**3 + 8*a**2 - 8*a + 8. Let w be n(-9). Let y(x) be the third derivative of 2*x**2 - 25*x + 1/6*x**3 + 0 - 1/4*x**4. Calculate y(w).
7
Let o(m) = 2*m + 9. Suppose -8*n - 725 = -5*p - 10*n, -n - 740 = -5*p. Let t = p + -154. Give o(t).
-5
Let r(o) = 2*o**3 + 12*o**2 + 5*o + 32. Suppose -i - 10*m + 6*m = 6, -5*i = m + 30. Give r(i).
2
Let f be (-42)/(-22) - 26/(-286). Let p(b) = -8*b**3 - f*b**2 + b + 10*b + 1 + 0*b**3 - 2*b**2 + 7*b**3. Determine p(-6).
7
Let d(h) = -6*h - 100. Let i(y) = -y - 32. Let p(o) = 6*d(o) - 19*i(o). Determine p(4).
-60
Let j(n) be the first derivative of n**4/4 - n**3/3 + n**2 + 3. Suppose 5*w - 26 = 4*p, 12*w = 15*w - 4*p - 22. Calculate j(w).
8
Let f(p) be the second derivative of 0 + 4/3*p**3 - 1/2*p**2 + 38*p. Suppose 4*l - 2 = 6. What is f(l)?
15
Let h = 115 + 150. Let f = -262 + h. Let a(t) = -t**3 + 3*t**2 + 4*t - 2. Determine a(f).
10
Let u(i) = 224 + 2764*i**2 - 223 - 2768*i**2. What is u(-1)?
-3
Let w(n) be the third derivative of -7*n**4/8 - 397*n**3/6 - 8012*n**2. Determine w(-18).
-19
Let x be ((-18)/8)/((-8)/128*6). Let a(u) = -12*u + 9. Calculate a(x).
-63
Let x(h) be the third derivative of h**7/630 + 7*h**5/30 + h**4/12 + 18*h**2 - 1. Let n(l) be the third derivative of x(l). Determine n(4).
32
Let m(z) = 7*z**2 + z - 4. Let y(o) = o**2 - 1. Let k be 2*-1 - 12/28*7. Let g(t) = k*y(t) + m(t). Determine g(-2).
7
Let o(z) = -2*z**3 + 8*z**2 + 10*z + 3. Suppose 353*c + 10 = 355*c. Calculate o(c).
3
Let f be 6/(-20) - ((-3528)/(-240) + -6). Let z(c) = 2*c**2 + 21*c + 15. What is z(f)?
-12
Let p be ((-11)/(-22))/((-2)/(-8)). Let d(h) = h**2 - 525*h + 148*h + 155*h + 149*h + 72*h. What is d(p)?
2
Let o(j) = -j**3 + 6*j**2 + 3*j - 28. Let w be o(5). Let q(s) = -w*s + 9 + 4*s + 0*s + 10*s. Determine q(-8).
-7
Let x(m) be the first derivative of m**4/4 + 11*m**3/3 + 23*m**2/2 - 25*m - 1429. Give x(-8).
-17
Let i be 8/(-1)*(3 + 7/(-2)). Let k(t) = 4*t - t**2 + 4 - 7*t - i*t - t + 5*t. Suppose 0 = -3*z - 5*h - 9, h - 3*h = -5*z - 15. What is k(z)?
4
Let a = -2121 - -2118. Let t(v) = -3*v**2 - 7*v - 2. Calculate t(a).
